{"id":82,"date":"2014-11-07T16:27:44","date_gmt":"2014-11-07T16:27:44","guid":{"rendered":"http:\/\/siegfried-weyerer.de\/?page_id=82"},"modified":"2015-01-04T13:27:36","modified_gmt":"2015-01-04T13:27:36","slug":"fersehen","status":"publish","type":"page","link":"https:\/\/siegfried-weyerer.de\/?page_id=82","title":{"rendered":"Fernsehen"},"content":{"rendered":"<ul>\n<li>Alter oder Alkohol? Verdacht bei h\u00e4ufigen St\u00fcrzen. n-tv vom 23. Mai 2006<\/li>\n<li>Alkoholkrank im Alter. Fernsehsendung im ZDF, Frontal 21, 12 September 2006<\/li>\n<li>Neuer Geist in Altenheimen. Filmvortrag im Rahmen eines Workshops zu dem Thema \u201cHeimaufsicht\u201d. Deutscher Verein f\u00fcr \u00f6ffentliche und private F\u00fcrsorge in Frankfurt am Main, 18. Januar 1995<\/li>\n<li>Filmvorf\u00fchrung \u201cNeuer Geist in Altenheimen?\u201d 9. Info-Tage f\u00fcr \u00e4ltere B\u00fcrgerinnen und B\u00fcrger in Mannheim. Mannheimer Abendakademie, 21.-23.Oktober 1994<\/li>\n<li>Neuer Geist in Altenheimen. Filmvortrag im Rahmen der Wissenschaftlichen Konferenz am Zentralinstitut f\u00fcr Seelische Gesundheit, 23. Mai.1991.<\/li>\n<li>Neuer Geist in Alten-Heimen. Wissenschaftliche Beratung des Fernsehfilms (45 Minuten) von Rainer Schirra, S\u00fcdwestfunk Baden Baden, 2. April 1990<\/li>\n<\/ul>\n","protected":false},"excerpt":{"rendered":"<p>Alter oder Alkohol? Verdacht bei h\u00e4ufigen St\u00fcrzen. n-tv vom 23. Mai 2006 Alkoholkrank im Alter. Fernsehsendung im ZDF, Frontal 21, 12 September 2006 Neuer Geist in Altenheimen. Filmvortrag im Rahmen eines Workshops zu dem Thema \u201cHeimaufsicht\u201d. Deutscher Verein f\u00fcr \u00f6ffentliche und private F\u00fcrsorge in Frankfurt am Main, 18. Januar 1995 Filmvorf\u00fchrung \u201cNeuer Geist in Altenheimen?\u201d [&hellip;]<\/p>\n","protected":false},"author":1,"featured_media":0,"parent":0,"menu_order":0,"comment_status":"closed","ping_status":"closed","template":"","meta":[],"_links":{"self":[{"href":"https:\/\/siegfried-weyerer.de\/index.php?rest_route=\/wp\/v2\/pages\/82"}],"collection":[{"href":"https:\/\/siegfried-weyerer.de\/index.php?rest_route=\/wp\/v2\/pages"}],"about":[{"href":"https:\/\/siegfried-weyerer.de\/index.php?rest_route=\/wp\/v2\/types\/page"}],"author":[{"embeddable":true,"href":"https:\/\/siegfried-weyerer.de\/index.php?rest_route=\/wp\/v2\/users\/1"}],"replies":[{"embeddable":true,"href":"https:\/\/siegfried-weyerer.de\/index.php?rest_route=%2Fwp%2Fv2%2Fcomments&post=82"}],"version-history":[{"count":4,"href":"https:\/\/siegfried-weyerer.de\/index.php?rest_route=\/wp\/v2\/pages\/82\/revisions"}],"predecessor-version":[{"id":310,"href":"https:\/\/siegfried-weyerer.de\/index.php?rest_route=\/wp\/v2\/pages\/82\/revisions\/310"}],"wp:attachment":[{"href":"https:\/\/siegfried-weyerer.de\/index.php?rest_route=%2Fwp%2Fv2%2Fmedia&parent=82"}],"curies":[{"name":"wp","href":"https:\/\/api.w.org\/{rel}","templated":true}]}}