{"id":262,"date":"2015-01-04T10:16:40","date_gmt":"2015-01-04T10:16:40","guid":{"rendered":"http:\/\/siegfried-weyerer.de\/?page_id=262"},"modified":"2015-03-21T20:46:21","modified_gmt":"2015-03-21T20:46:21","slug":"aktuelles-neu","status":"publish","type":"page","link":"https:\/\/siegfried-weyerer.de\/?page_id=262","title":{"rendered":"Aktuelles"},"content":{"rendered":"<p><strong>\u00dcbersicht \u00fcber meine Publikationen: <\/strong><a href=\"http:\/\/www.amazon.de\/Siegfried-Weyerer\/e\/B00455CVUS\" target=\"_blank\">Meine B\u00fccher bei Amazon<\/a><\/p>\n<p><strong>\u00dcberwiegend englische Zeitschriftenartikel: <\/strong><a href=\"http:\/\/www.ncbi.nlm.nih.gov\/pubmed\/?term=weyerer\" target=\"_blank\">PubMed<\/a> und <a href=\"http:\/\/www.researchgate.net\/profile\/Siegfried_Weyerer\" target=\"_blank\">ResearchGate<\/a><\/p>\n<p><strong>Aktuelle Berichte in den Medien: <\/strong><a href=\"https:\/\/www.google.de\/search?client=safari&amp;rls=en&amp;q=%22siegfried+weyerer%22&amp;ie=UTF-8&amp;oe=UTF-8&amp;gfe_rd=cr&amp;ei=0xSpVK3gMIOwOoXXgMAM#q=%22siegfried+weyerer%22&amp;safe=off&amp;rls=en&amp;tbm=nws\" target=\"_blank\">Google News<\/a><\/p>\n<hr \/>\n<p><strong><a href=\"http:\/\/www.mabuse-verlag.de\/Downloads\/be906966-9f41-2f48-a767-592a2f2b56b4\/211_Buchbesprechungen.pdf\" target=\"_blank\">Buchbesprechung von Dirk K. Wolter<\/a><\/strong><\/p>\n<p><strong>Demenzielle Erkrankungen<\/strong><br \/>\nUlrike Marwedel, Siegfried Weyerer, Martina Sch\u00e4ufele<\/p>\n<p><a href=\"http:\/\/siegfried-weyerer.de\/wp-content\/uploads\/2014\/11\/61676-1.jpg\"><img loading=\"lazy\" class=\"alignnone size-full wp-image-148\" src=\"http:\/\/siegfried-weyerer.de\/wp-content\/uploads\/2014\/11\/61676-1.jpg\" alt=\"61676-1\" width=\"192\" height=\"271\" \/><\/a><\/p>\n<p>446 Seiten, zahlr. Abb., 4-fbg., 17 x 24 cm, brosch.<br \/>\nEuropa-Nr. 61676<br \/>\nISBN 978-3-8085-6167-6<\/p>\n<p><a title=\"testtest\" href=\"http:\/\/www.europa-lehrmittel.de\/titel-11-11\/demenzielle_erkrankungen-1125\/?suche=1\" target=\"_blank\">Demenzielle Erkrankungen beim Europa Lehrmittel Verlag<\/a><br \/>\n<a title=\"testtest\" href=\"http:\/\/www.europa-lehrmittel.de\/leseprobe\/1125\/61676-1.pdf\" target=\"_blank\">Leseprobe und Inhaltsverzeichnis<\/a><\/p>\n<hr \/>\n<p><strong>In der Zeitschrift Mobiles Leben (4\/2014) ist die Arbeit von Siegfried Weyerer und Jochen Werle erschienen: <\/p>\n<p><a href=\"http:\/\/siegfried-weyerer.de\/wp-content\/uploads\/2015\/03\/Arthrose_Weyerer_Werle.pdf\" target=\"_blank\">Arthrose der Gelenke &#8211; Krankheitsbild, Risikofaktoren, Pr\u00e4vention und Therapie<\/a><\/strong><\/p>\n<p>Weitere Artikel der Autoren finden Sie hier:<\/p>\n<p><a href=\"http:\/\/siegfried-weyerer.de\/wp-content\/uploads\/2015\/03\/Der_aeltere_Sturzpatient_Werle_Weyerer.pdf\" target=\"_blank\">Der \u00e4ltere Sturzpatient (3\/2014)<\/a><\/p>\n<p><a href=\"http:\/\/siegfried-weyerer.de\/wp-content\/uploads\/2015\/03\/Lebensqualitaet_trotz_Osteoporose_Werle_Weyerer.pdf\" target=\"_blank\">Lebensqualit\u00e4t trotz Osteoporose &#8211; ein ganzheitliches Konzept der Bewegungstherapie (1\/2014)<\/a><\/p>\n<p><a href=\"http:\/\/siegfried-weyerer.de\/wp-content\/uploads\/2015\/03\/Koerperliche_Erkrankungen_im_Alter_Weyerer_Werle.pdf\" target=\"_blank\">K\u00f6rperliche Erkrankungen im h\u00f6heren Alter (4\/2013)<\/a><\/p>\n<p><a href=\"http:\/\/siegfried-weyerer.de\/wp-content\/uploads\/2015\/03\/Sucht_im_Alter_Weyerer_Werle.pdf\" target=\"_blank\">Sucht im Alter (3\/2012)<br \/>\n<\/a><\/p>\n<p><a href=\"http:\/\/siegfried-weyerer.de\/wp-content\/uploads\/2015\/03\/Depression_im_Alter_Weyerer_Werle.pdf\" target=\"_blank\">Depression im Alter (2\/2012)<br \/>\n<\/a><\/p>\n<p><a href=\"http:\/\/siegfried-weyerer.de\/wp-content\/uploads\/2015\/03\/Moeglichkeiten_zur_Praevention_von_Demenz_Weyerer_Werle.pdf\" target=\"_blank\">M\u00f6glichkeiten zur Pr\u00e4vention von Demenz (3\/2011)<\/a><\/p>\n<p><a href=\"http:\/\/siegfried-weyerer.de\/wp-content\/uploads\/2015\/03\/Herausforderung_Demenz_Weyerer_Werle.pdf\" target=\"_blank\">Herausforderung Demenz (2\/2011)<br \/>\n<\/a><\/p>\n<hr \/>\n<p><strong>\u00d6sterreichischer Demenzbericht 2014 erschienen. Mehr dazu finden Sie hier:<\/strong><\/p>\n<p><a href=\"http:\/\/siegfried-weyerer.de\/wp-content\/uploads\/2015\/03\/Reviewer_Siegfried_Weyerer.pdf\" target=\"_blank\">Reviewer Siegfried Weyerer<\/a><\/p>\n<p><a href=\"http:\/\/siegfried-weyerer.de\/wp-content\/uploads\/2015\/03\/Oesterreichischer_Demenzbericht_2014.pdf\" target=\"_blank\">Oesterreichischer Demenzbericht 2014<\/a><\/p>\n<hr \/>\n<p><strong>Jubil\u00e4ums-Sonntagsbegegnung in Markt Schwaben am 11. Januar 2015.<\/strong><\/p>\n<p><a href=\"http:\/\/www.winternetz.net\/sob\/fotos-und-filme\/?tx_yag_pi1%5Bcontext72%5D%5BgalleryUid%5D=1&amp;tx_yag_pi1%5Bcontext72%5D%5BalbumUid%5D=13&amp;tx_yag_pi1%5Baction%5D=submitFilter&amp;tx_yag_pi1%5Bcontroller%5D=ItemList&amp;cHash=514198abc8e92466eabadf9982a73003\" target=\"_blank\">Dialog zwischen Gerhard Schr\u00f6der und Hans-Jochen Vogel.<\/a><\/p>\n<p><a href=\"http:\/\/www.sueddeutsche.de\/muenchen\/ebersberg\/alt-kanzler-im-gespraech-gerd-hoer-auf-die-polizei-kommt-1.2299028\" target=\"_blank\">Pressebericht<\/a><\/p>\n<p><a href=\"http:\/\/www.winternetz.net\/fileadmin\/files\/sob\/Markt_Schwaben_75._Sonntagsgespraech_Grusswort_11.1.2015.pdf\" target=\"_blank\">Gru\u00dfwort von Heribert Prantl<\/a><\/p>\n<p><a href=\"http:\/\/www.winternetz.net\/fileadmin\/files\/bw\/Rede_75.pdf\" target=\"_blank\">Er\u00f6ffnungsrede von Bernhard Winter<\/a><\/p>\n<p><strong>Im Rahmen dieser Dialogreihe haben 2012 der bayerische Gesundheitsminister Marcel Huber und Siegfried Weyerer diskutiert<\/strong><\/p>\n<p><a href=\"http:\/\/www.winternetz.net\/sob\/fotos-und-filme\/?tx_yag_pi1%5Bcontext72%5D%5BgalleryUid%5D=1&amp;tx_yag_pi1%5Bcontext72%5D%5BalbumUid%5D=3&amp;tx_yag_pi1%5Baction%5D=submitFilter&amp;tx_yag_pi1%5Bcontroller%5D=ItemList&amp;cHash=77d484ea994c513ea02ff0624412e58a\" target=\"_blank\">\u00dcber Alter-Gesundheit.<\/a><\/p>\n<p><a href=\"http:\/\/www.merkur-online.de\/lokales\/ebersberg\/markt-schwaben\/markt-schwaben-stellschrauben-2546939.html\" target=\"_blank\">Pressebericht<\/a><\/p>\n<hr \/>\n<p><strong>Siegfried Weyerer und Martina Sch\u00e4ufele zu dem Thema: Alkoholprobleme im h\u00f6heren Lebensalter<\/strong><\/p>\n<p><a href=\"http:\/\/www.dza.de\/fileadmin\/dza\/pdf\/Heft_05_2014_September_Oktober_2014_gekuerzt.pdf\">Informationsdienst Altersfragen<\/a><\/p>\n","protected":false},"excerpt":{"rendered":"<p>\u00dcbersicht \u00fcber meine Publikationen: Meine B\u00fccher bei Amazon \u00dcberwiegend englische Zeitschriftenartikel: PubMed und ResearchGate Aktuelle Berichte in den Medien: Google News Buchbesprechung von Dirk K. Wolter Demenzielle Erkrankungen Ulrike Marwedel, Siegfried Weyerer, Martina Sch\u00e4ufele 446 Seiten, zahlr. Abb., 4-fbg., 17 x 24 cm, brosch. Europa-Nr. 61676 ISBN 978-3-8085-6167-6 Demenzielle Erkrankungen beim Europa Lehrmittel Verlag Leseprobe [&hellip;]<\/p>\n","protected":false},"author":1,"featured_media":0,"parent":0,"menu_order":0,"comment_status":"closed","ping_status":"closed","template":"","meta":[],"_links":{"self":[{"href":"https:\/\/siegfried-weyerer.de\/index.php?rest_route=\/wp\/v2\/pages\/262"}],"collection":[{"href":"https:\/\/siegfried-weyerer.de\/index.php?rest_route=\/wp\/v2\/pages"}],"about":[{"href":"https:\/\/siegfried-weyerer.de\/index.php?rest_route=\/wp\/v2\/types\/page"}],"author":[{"embeddable":true,"href":"https:\/\/siegfried-weyerer.de\/index.php?rest_route=\/wp\/v2\/users\/1"}],"replies":[{"embeddable":true,"href":"https:\/\/siegfried-weyerer.de\/index.php?rest_route=%2Fwp%2Fv2%2Fcomments&post=262"}],"version-history":[{"count":56,"href":"https:\/\/siegfried-weyerer.de\/index.php?rest_route=\/wp\/v2\/pages\/262\/revisions"}],"predecessor-version":[{"id":454,"href":"https:\/\/siegfried-weyerer.de\/index.php?rest_route=\/wp\/v2\/pages\/262\/revisions\/454"}],"wp:attachment":[{"href":"https:\/\/siegfried-weyerer.de\/index.php?rest_route=%2Fwp%2Fv2%2Fmedia&parent=262"}],"curies":[{"name":"wp","href":"https:\/\/api.w.org\/{rel}","templated":true}]}}