{"id":241,"date":"2014-12-14T19:55:15","date_gmt":"2014-12-14T19:55:15","guid":{"rendered":"http:\/\/siegfried-weyerer.de\/?page_id=241"},"modified":"2015-03-16T13:48:18","modified_gmt":"2015-03-16T13:48:18","slug":"forschungsberichte-2","status":"publish","type":"page","link":"https:\/\/siegfried-weyerer.de\/?page_id=241","title":{"rendered":"Forschungsberichte"},"content":{"rendered":"<ul>\n<li>Weyerer S, Werle J (2014). Multimorbidit\u00e4t in der haus\u00e4rztlichen Versorgung (MultiCare). Schlussbericht des Verbundpartners Mannheim an das Bundesministerium f\u00fcr Bildung und Forschung. Zentralinstitut f\u00fcr Seelische Gesundheit Mannheim.<\/li>\n<li>Weyerer S (2011) Die pflegerische Versorgung demenzkranker Menschen in Deutschland. Beitrag f\u00fcr die Deutsche Alzheimer Gesellschaft<\/li>\n<li>Sch\u00e4ufele M, Bauer A, Hendlmeier I, Hoell A, Weyerer S (2011) Erhaltung und F\u00f6rderung von Mobilit\u00e4t Sicherheit und anderen Komponenten der Lebensqualit\u00e4t bei Menschen mit Demenz. Eine Evaluationsstudie zur Prim\u00e4rpr\u00e4vention in Pflegeheimen. Schlussbericht an das Bundesministerium f\u00fcr Bildung und Forschung. Zentralinstitut f\u00fcr Seelische Gesundheit: Mannheim<\/li>\n<li>Weyerer S, Werle J, Maier R (2011) Multimorbidit\u00e4t in der haus\u00e4rztlichen Versorgung (MultiCare). Schlussbericht an das Bundesministerium f\u00fcr Bildung und Forschung. Zentralinstitut f\u00fcr Seelische Gesundheit: Mannheim<\/li>\n<li>Sch\u00e4ufele M, K\u00f6hler L, Lode S, Weyerer S (2008) Menschen mit Demenz in station\u00e4ren Pflegeeinrichtungen: aktuelle Lebens- und Versorgungssituation. In Schneekloth U, Wahl HW (Eds) Integrierter Abschlu\u00dfbericht M\u00f6glichkeiten und Grenzen selbst\u00e4ndiger Lebensf\u00fchrung in station\u00e4ren Einrichtungen (MuG IV) \u2013 Demenz, Angeh\u00f6rige und Freiwillige, Versorgungssituation sowie Beispielen f\u00fcr \u201eGood Practice. Forschungsprojekt im Auftrag des Bundesministeriums f\u00fcr Familie, Senioren, Frauen und Jugend. Berlin, 169-232<\/li>\n<li>Sch\u00e4ufele M, K\u00f6hler L, Lode S, Weyerer S (2007) Versorgung und Betreuung demenziell erkrankter \u00e4lterer Menschen in station\u00e4ren Pflegeeinrichtungen \u2013 Vertiefende Untersuchung im Rahmen des Projektverbundes MuG IV. Bericht an das Bundesministerium f\u00fcr Familie, Senioren, Frauen und Jugend (BMFSFJ)<\/li>\n<li>Sch\u00e4ufele M, Hendlmeier I, Teufel S, Weyerer S (2006) Qualit\u00e4tsniveau I \u201eMobilit\u00e4t und Sicherheit bei Menschen mit demenziellen Einschr\u00e4nkungen in station\u00e4ren Einrichtungen\u201c. Abschlussbericht an die Bundeskonferenz zur Qualit\u00e4tssicherung im Gesundheits- und Pflegewesen e.V. (BUKO-QS). Zentralinstitut f\u00fcr Seelische Gesundheit: Mannheim<\/li>\n<li>Weyerer S, Sch\u00e4ufele M, Salize HJ, Berthel M, Hendlmeier I, Kaufeler T, Kraft S, Marwedel U, Schnitzler M (2005) Abschlussbericht der wissenschaftlichen Begleitung des Pilotprojektes \u201eAlt, verwirrt \u2013 allein gelassen?\u201cEin Beitrag zur besseren Versorgung \u00e4lterer demenziell erkrankter Menschen in der Region PAMINA<\/li>\n<li>Weyerer S, Sch\u00e4ufele M, Salize HJ, Berthel M, Hendlmeier I, Kaufeler T, Kraft S, Marwedel U, Schnitzler M (2005) Rapport final scientifique provisoire du projet-pilote \u201eAg\u00e9, d\u00e9sorient\u00e9 \u2013 tout seul?\u201c Une participation d\u2019une meilleure prise en charge des personnes \u00e2g\u00e9es atteintes de d\u00e9mence dans la r\u00e9gion PAMINA<\/li>\n<li>Sch\u00e4ufele M, K\u00f6hler L, Teufel S, Weyerer S (2005) Demenzielle Erkrankungen bei \u00e4lteren Menschen in Privathaushalten: Potenziale und Grenzen. Bericht an das Bundesministerium f\u00fcr Familie, Senioren, Frauen und Jugend (BMFSFJ)<\/li>\n<li>Sch\u00e4ufele M, Teufel S, Hendlmeier I, Weyerer S (2004) Station\u00e4re Versorgung Demenzerkrankter in Baden-W\u00fcrttemberg im Umbruch:neue und traditionelle Konzepte im Vergleich (VEDESTA). Bericht an das Sozialministerium Baden-W\u00fcrttemberg<\/li>\n<li>Heeg S, Radzey B, Kuhn C, Weyerer S, Sch\u00e4ufele M, Rockenbach C, K\u00f6hler L (2004) Modellprojekt Einf\u00fchrung milieutherapeutisch orientierter Demenzwohngruppen im station\u00e4ren Bereich mit begleitender Evaluation. Bericht an das Bundesministerium f\u00fcr Familie, Senioren, Frauen und Jugend (BMFSFJ) im Rahmen des Bundesmodellprogramms des BMFSFJ \u201eAltenhilfestrukturen der Zukunft\u201c<\/li>\n<li>Weyerer S, Sch\u00e4ufele M, Hendlmeier I, Kofahl C, Sattel H, Jantzen B, Schumacher P (2004) Evaluation der Besonderen Station\u00e4ren Dementenbetreuung in Hamburg. Bericht an das Bundesministerium f\u00fcr Familie, Senioren, Frauen und Jugend (BMFSFJ) und die Beh\u00f6rde f\u00fcr Soziales und Familie der Freien und Hansestadt Hamburg (BSF)<\/li>\n<li>Weyerer S (2003) Arbeitsbelastung in der Altenpflege: Ein Vergleich zwischen ambulanter und station\u00e4rer Pflege (2003)<\/li>\n<li>Weyerer S, Sch\u00e4ufele M, Rudolf A, Teufel S, Sattel H (2001) Gesundheitsrisiken in ambulanten Pflegediensten. Studie im Auftrag der Berufsgenossenschaft f\u00fcr Gesundheitsdienst und Wohlfahrtspflege (BGW), Hamburg<\/li>\n<li>Weyerer S, Sch\u00e4ufele M, A. Rudolf, H. Sattel (2000) Gesundheitsrisiken in ambulanten Pflegediensten. Entwicklung und Erprobung eines Instrumentariums zur Erfassung der spezifischen Arbeissituation und \u2013belastung in der ambulanten Pflege. Abschlussbericht an die Berufsgenossenschaft f\u00fcr Gesundheitsdienst und Wohlfahrtspflege in Hamburg (2000)<\/li>\n<li>Sattel H, Zimber A, Weyerer S (1999) Entwicklung und Evaluation eines Screening-Instrumentes zur Erfassung von Risikofaktoren psychischer Beanspruchung in der Krankenpflege. Abschlussbericht an die Berufsgenossenschaft f\u00fcr Gesundheitsdienst und Wohlfahrtspflege in Hamburg<\/li>\n<li>Weyerer S (1999) Arbeitsbelastung des Pflegepersonals in Heimen. Altenhilfe der Stadt Mannheim, 17-23<\/li>\n<li>Weyerer S, Zimber A (1998) Arbeitsbedingungen und Arbeitsbelastungen des Altenpflegepersonals (ABBA). Eine empirische Studie in Mannheimer Alten- und Altenpflegeheimen. Projektbericht an die Fakult\u00e4t f\u00fcr Klinische Medizin Mannheim<\/li>\n<li>Weyerer S, Sch\u00e4ufele M, Zimber A (1998) Determinanten und Auswirkungen des hohen Verbrauchs von Psychopharmaka in Alten- und Altenpflegeheimen: Eine prospektive epidemiologische Studie in der Stadt Mannheim. Schlu\u00dfbericht an das Bundesministerium f\u00fcr Bildung, Wissenschaft, Forschung und Technologie. Zentralinstitut f\u00fcr Seelische Gesundheit Mannheim<\/li>\n<li>Weyerer S (1993) Pr\u00e4valenz und Verlauf von Depression und Demenz bei Altenheimbewohnern in Mannheim und Camden (London). Ergebnisse repr\u00e4sentativer Querschnitts- und Longitudinalstudien. Habilitationsschrift zur Erlangung der Venia Legendi f\u00fcr das Fach \u201cEpidemiologie\u201d an der Fakult\u00e4t f\u00fcr Klinische Medizin Mannheim der Ruprecht-Karls-Universit\u00e4t Heidelberg<\/li>\n<li>Weyerer S (1992) Pr\u00e4valenz und Verlauf von Depression und Demenz bei Altenheimbewohnern. Ergebnisse einer Querschnitts- und Longitudinalstudie in Mannheim und Camden (London). In BMFT-Studien im Bereich des F\u00f6rderschwerpunktes \u201cPsychische Gesundheit im Alter\u201d, Dresden, 83-87<\/li>\n<li>Weyerer S, H\u00e4fner H, Mann AH (1990) Pr\u00e4valenz und Verlauf von Depression und Demenz bei Altenheimbewohnern. Ergebnisse einer Querschnitts- und Longitudinalstudie in Mannheim und Camden (London). Bericht an das Bundesministerium f\u00fcr Forschung und Technologie. Zentralinstitut f\u00fcr Seelische Gesundheit Mannheim<\/li>\n<li>Fichter MM, Weyerer S (1985) Die oberbayerische Follow-up Feldstudie. Arbeitszwischenbericht an die Deutsche Forschungsgemeinschaft (DFG). Psychiatrische Klinik der Universit\u00e4t M\u00fcnchen<\/li>\n<li>Dilling H, Weyerer S (1980) Behandelte und nicht behandelte psychiatrische Morbidit\u00e4t in der Bev\u00f6lkerung. Bericht an die Deutsche Forschungsgemeinschaft \u00fcber das Projekt A\u00a010. Psychiatrische Klinik der Universit\u00e4t M\u00fcnchen<\/li>\n<li>Dilling H, Weyerer S (1978) Patienten mit psychischen St\u00f6rungen in der Allgemeinpraxis und ihre psychiatrische \u00dcberweisungsbed\u00fcrftigkeit. Bericht an die Deutsche Forschungsgemeinschaft \u00fcber das Projekt A2b. Psychiatrische Klinik der Universit\u00e4t M\u00fcnchen<\/li>\n<li>Weyerer S (1976) Epidemiologie psychischer Erkrankungen und institutionelle Versorgung. Dissertation an der Universit\u00e4t Salzburg<\/li>\n<\/ul>\n","protected":false},"excerpt":{"rendered":"<p>Weyerer S, Werle J (2014). Multimorbidit\u00e4t in der haus\u00e4rztlichen Versorgung (MultiCare). Schlussbericht des Verbundpartners Mannheim an das Bundesministerium f\u00fcr Bildung und Forschung. Zentralinstitut f\u00fcr Seelische Gesundheit Mannheim. Weyerer S (2011) Die pflegerische Versorgung demenzkranker Menschen in Deutschland. Beitrag f\u00fcr die Deutsche Alzheimer Gesellschaft Sch\u00e4ufele M, Bauer A, Hendlmeier I, Hoell A, Weyerer S (2011) Erhaltung [&hellip;]<\/p>\n","protected":false},"author":1,"featured_media":0,"parent":0,"menu_order":0,"comment_status":"closed","ping_status":"closed","template":"","meta":[],"_links":{"self":[{"href":"https:\/\/siegfried-weyerer.de\/index.php?rest_route=\/wp\/v2\/pages\/241"}],"collection":[{"href":"https:\/\/siegfried-weyerer.de\/index.php?rest_route=\/wp\/v2\/pages"}],"about":[{"href":"https:\/\/siegfried-weyerer.de\/index.php?rest_route=\/wp\/v2\/types\/page"}],"author":[{"embeddable":true,"href":"https:\/\/siegfried-weyerer.de\/index.php?rest_route=\/wp\/v2\/users\/1"}],"replies":[{"embeddable":true,"href":"https:\/\/siegfried-weyerer.de\/index.php?rest_route=%2Fwp%2Fv2%2Fcomments&post=241"}],"version-history":[{"count":3,"href":"https:\/\/siegfried-weyerer.de\/index.php?rest_route=\/wp\/v2\/pages\/241\/revisions"}],"predecessor-version":[{"id":434,"href":"https:\/\/siegfried-weyerer.de\/index.php?rest_route=\/wp\/v2\/pages\/241\/revisions\/434"}],"wp:attachment":[{"href":"https:\/\/siegfried-weyerer.de\/index.php?rest_route=%2Fwp%2Fv2%2Fmedia&parent=241"}],"curies":[{"name":"wp","href":"https:\/\/api.w.org\/{rel}","templated":true}]}}